{"id":929,"date":"2021-02-09T16:03:59","date_gmt":"2021-02-09T19:03:59","guid":{"rendered":"https:\/\/transparencia.epagri.sc.gov.br\/?page_id=929"},"modified":"2026-02-11T09:07:47","modified_gmt":"2026-02-11T12:07:47","slug":"bens-imoveis","status":"publish","type":"page","link":"https:\/\/transparencia.epagri.sc.gov.br\/?page_id=929","title":{"rendered":"Bens Im\u00f3veis"},"content":{"rendered":"<h6 style=\"text-align: right;\"><a href=\"https:\/\/transparencia.epagri.sc.gov.br\/\">In\u00edcio<\/a> \/ Gest\u00e3o \/ Patrim\u00f4nio \/ Bens Im\u00f3veis<\/h6>\n<p>Disponibiliza a rela\u00e7\u00e3o de bens im\u00f3veis (terrenos e edif\u00edcios) pertencentes \u00e0 empresa.<\/p>\n","protected":false},"excerpt":{"rendered":"<p>In\u00edcio \/ Gest\u00e3o \/ Patrim\u00f4nio \/ Bens Im\u00f3veis Disponibiliza a rela\u00e7\u00e3o de bens im\u00f3veis (terrenos e edif\u00edcios) pertencentes \u00e0 empresa.<\/p>\n","protected":false},"author":1,"featured_media":0,"parent":0,"menu_order":1,"comment_status":"closed","ping_status":"closed","template":"","meta":{"_acf_changed":false,"footnotes":""},"class_list":["post-929","page","type-page","status-publish"],"acf":[],"_links":{"self":[{"href":"https:\/\/transparencia.epagri.sc.gov.br\/index.php?rest_route=\/wp\/v2\/pages\/929","targetHints":{"allow":["GET"]}}],"collection":[{"href":"https:\/\/transparencia.epagri.sc.gov.br\/index.php?rest_route=\/wp\/v2\/pages"}],"about":[{"href":"https:\/\/transparencia.epagri.sc.gov.br\/index.php?rest_route=\/wp\/v2\/types\/page"}],"author":[{"embeddable":true,"href":"https:\/\/transparencia.epagri.sc.gov.br\/index.php?rest_route=\/wp\/v2\/users\/1"}],"replies":[{"embeddable":true,"href":"https:\/\/transparencia.epagri.sc.gov.br\/index.php?rest_route=%2Fwp%2Fv2%2Fcomments&post=929"}],"version-history":[{"count":3,"href":"https:\/\/transparencia.epagri.sc.gov.br\/index.php?rest_route=\/wp\/v2\/pages\/929\/revisions"}],"predecessor-version":[{"id":7025,"href":"https:\/\/transparencia.epagri.sc.gov.br\/index.php?rest_route=\/wp\/v2\/pages\/929\/revisions\/7025"}],"wp:attachment":[{"href":"https:\/\/transparencia.epagri.sc.gov.br\/index.php?rest_route=%2Fwp%2Fv2%2Fmedia&parent=929"}],"curies":[{"name":"wp","href":"https:\/\/api.w.org\/{rel}","templated":true}]}}