{"id":921,"date":"2021-02-09T16:01:12","date_gmt":"2021-02-09T19:01:12","guid":{"rendered":"https:\/\/transparencia.epagri.sc.gov.br\/?page_id=921"},"modified":"2025-07-10T08:25:31","modified_gmt":"2025-07-10T11:25:31","slug":"atas-e-comunicados","status":"publish","type":"page","link":"https:\/\/transparencia.epagri.sc.gov.br\/?page_id=921","title":{"rendered":"Atas e Comunicados"},"content":{"rendered":"<h6 style=\"text-align: right;\"><a href=\"https:\/\/transparencia.epagri.sc.gov.br\/\">In\u00edcio<\/a> \/ Gest\u00e3o \/ Governan\u00e7a \/ Atas e Comunicados<\/h6>\n<p>Nesta p\u00e1gina, apresentamos as atas de reuni\u00f5es\u00a0\u00a0das <strong>Assembleias Gerais Ordin\u00e1rias e Extraordin\u00e1rias <\/strong>de acionistas, do <strong>Conselho de Administra\u00e7\u00e3o<\/strong>, do <strong>Comit\u00ea de Elegibilidade<\/strong>, al\u00e9m de outras atas e comunicados da empresa.<\/p>\n<p>A Epagri, por se tratar de empresa estatal de menor porte &#8211; por apresentar, no exerc\u00edcio social anterior, receita operacional bruta inferior a R$ 90.000.000,00 &#8211; est\u00e1 <strong>dispensada de possuir em sua estrutura o Comit\u00ea de Auditoria Estatut\u00e1rio<\/strong>, conforme art. 1\u00ba, \u00a7\u00a7 1\u00ba e 3\u00ba, da <a href=\"https:\/\/www.planalto.gov.br\/ccivil_03\/_ato2015-2018\/2016\/lei\/l13303.htm\">Lei federal n\u00ba 13.303, de 2016<\/a> (Lei das Estatais), e <a href=\"https:\/\/leisestaduais.com.br\/sc\/decreto-n-1007-2016-santa-catarina-fixa-as-diretrizes-para-a-promocao-das-adaptacoes-necessarias-a-adequacao-das-empresas-publicas-e-sociedades-de-economia-mista-e-suas-subsidiarias-do-estado-de-santa-catarina-ao-disposto-na-lei-federal-n-13303-de-2016-e-no-decreto-n-1-007-de-2016-e-estabelece-outras-providencias\">Decreto estadual n\u00ba 1.007, de 2016<\/a>, possuindo apenas uma Auditoria Interna. Assim sendo, n\u00e3o h\u00e1 atas do Comit\u00ea de Auditoria Estatut\u00e1rio a serem publicadas nesta se\u00e7\u00e3o.<\/p>\n","protected":false},"excerpt":{"rendered":"<p>In\u00edcio \/ Gest\u00e3o \/ Governan\u00e7a \/ Atas e Comunicados Nesta p\u00e1gina, apresentamos as atas de reuni\u00f5es\u00a0\u00a0das Assembleias Gerais Ordin\u00e1rias e Extraordin\u00e1rias de acionistas, do Conselho de Administra\u00e7\u00e3o, do Comit\u00ea de Elegibilidade, al\u00e9m de outras atas e comunicados da empresa. A Epagri, por se tratar de empresa estatal de menor porte &#8211; por apresentar, no exerc\u00edcio &#8230; <a title=\"Atas e Comunicados\" class=\"read-more\" href=\"https:\/\/transparencia.epagri.sc.gov.br\/?page_id=921\" aria-label=\"More on Atas e Comunicados\">Ler mais<\/a><\/p>\n","protected":false},"author":1,"featured_media":0,"parent":0,"menu_order":1,"comment_status":"closed","ping_status":"closed","template":"","meta":{"_acf_changed":false,"footnotes":""},"class_list":["post-921","page","type-page","status-publish"],"acf":[],"_links":{"self":[{"href":"https:\/\/transparencia.epagri.sc.gov.br\/index.php?rest_route=\/wp\/v2\/pages\/921","targetHints":{"allow":["GET"]}}],"collection":[{"href":"https:\/\/transparencia.epagri.sc.gov.br\/index.php?rest_route=\/wp\/v2\/pages"}],"about":[{"href":"https:\/\/transparencia.epagri.sc.gov.br\/index.php?rest_route=\/wp\/v2\/types\/page"}],"author":[{"embeddable":true,"href":"https:\/\/transparencia.epagri.sc.gov.br\/index.php?rest_route=\/wp\/v2\/users\/1"}],"replies":[{"embeddable":true,"href":"https:\/\/transparencia.epagri.sc.gov.br\/index.php?rest_route=%2Fwp%2Fv2%2Fcomments&post=921"}],"version-history":[{"count":6,"href":"https:\/\/transparencia.epagri.sc.gov.br\/index.php?rest_route=\/wp\/v2\/pages\/921\/revisions"}],"predecessor-version":[{"id":7086,"href":"https:\/\/transparencia.epagri.sc.gov.br\/index.php?rest_route=\/wp\/v2\/pages\/921\/revisions\/7086"}],"wp:attachment":[{"href":"https:\/\/transparencia.epagri.sc.gov.br\/index.php?rest_route=%2Fwp%2Fv2%2Fmedia&parent=921"}],"curies":[{"name":"wp","href":"https:\/\/api.w.org\/{rel}","templated":true}]}}