{"id":917,"date":"2021-02-09T15:59:55","date_gmt":"2021-02-09T18:59:55","guid":{"rendered":"https:\/\/transparencia.epagri.sc.gov.br\/?page_id=917"},"modified":"2026-04-01T17:12:31","modified_gmt":"2026-04-01T20:12:31","slug":"codigo-de-conduta-e-integridade","status":"publish","type":"page","link":"https:\/\/transparencia.epagri.sc.gov.br\/?page_id=917","title":{"rendered":"C\u00f3digo de Conduta e Integridade"},"content":{"rendered":"<h6 style=\"text-align: right;\"><a href=\"https:\/\/transparencia.epagri.sc.gov.br\/\">In\u00edcio<\/a> \/ Gest\u00e3o \/ Governan\u00e7a \/ C\u00f3digo de Conduta e Integridade<\/h6>\n<p>O <strong>C\u00f3digo de Conduta e Integridade<\/strong> \u00e9 o documento institucional, aprovado pelo Conselho de Administra\u00e7\u00e3o, que cont\u00e9m os <strong>princ\u00edpios, valores e miss\u00e3o<\/strong> da Epagri; normas de conduta que visam \u00e0 <strong>preven\u00e7\u00e3o de desvios \u00e9ticos e morais<\/strong>, como conflito de interesses, corrup\u00e7\u00e3o e fraude; inst\u00e2ncias internas respons\u00e1veis pela sua atualiza\u00e7\u00e3o e aplica\u00e7\u00e3o; informa\u00e7\u00f5es sobre o <a href=\"https:\/\/www.epagri.sc.gov.br\/index.php\/ouvidoria\/\"><strong>canal de den\u00fancias<\/strong> da Epagri<\/a> (Ouvidoria) e mecanismos de prote\u00e7\u00e3o que impe\u00e7am qualquer retalia\u00e7\u00e3o a quem utilizar esse canal; <strong>san\u00e7\u00f5es<\/strong> aplic\u00e1veis em caso de viola\u00e7\u00e3o \u00e0s regras do C\u00f3digo e unidades respons\u00e1veis pelo <strong>treinamento<\/strong> peri\u00f3dico sobre o seu conte\u00fado. A\u00a0sua cria\u00e7\u00e3o e o seu cumprimento elevam o n\u00edvel de confian\u00e7a na Epagri e melhoram sua imagem e reputa\u00e7\u00e3o.<\/p>\n<p>O <a href=\"https:\/\/www.epagri.sc.gov.br\/compliance\/\">Comit\u00ea de <em>Compliance<\/em><\/a> responde a eventuais <strong>consultas<\/strong> em casos de d\u00favida acerca do conte\u00fado do presente C\u00f3digo, especialmente as que envolvam potencial conflito de interesses. No processo SGP-e <a href=\"https:\/\/sgpe.sea.sc.gov.br\/\/sgpe\/openPage?openAddress=eyJhZGRyZXNzIjoiL2NwYXYvdmlzdWFsaXphclByb2Nlc3NvLmRvP3Byb2Nlc3NvUEs9MjY0NjcsMzQ2NSwyMDI0IiwiY3VycmVudE1vZHVsZSI6eyJjZE1vZHVsbyI6IlNHUEUiLCJjZFNpc3RlbWEiOiIxIiwibm1Nb2R1bG8iOiIifX0%3D\"><strong>EPAGRI 26462\/2024<\/strong><\/a>, constam respostas a quest\u00f5es formulada em tese.<\/p>\n<p>Os <strong>treinamentos<\/strong> peri\u00f3dicos sobre o C\u00f3digo de Conduta e Integridade para todos os empregados e demais colaboradores est\u00e3o documentados no SGP-e <strong><a href=\"https:\/\/sgpe.sea.sc.gov.br\/\/sgpe\/openPage?openAddress=eyJhZGRyZXNzIjoiL2NwYXYvdmlzdWFsaXphclByb2Nlc3NvLmRvP3Byb2Nlc3NvUEs9OTgzMywzNDY1LDIwMjMiLCJjdXJyZW50TW9kdWxlIjp7ImNkTW9kdWxvIjoiU0dQRSIsImNkU2lzdGVtYSI6IjEiLCJubU1vZHVsbyI6IiJ9fQ%3D%3D\" target=\"_blank\" rel=\"noopener\" data-saferedirecturl=\"https:\/\/www.google.com\/url?q=https:\/\/sgpe.sea.sc.gov.br\/\/sgpe\/openPage?openAddress%3DeyJhZGRyZXNzIjoiL2NwYXYvdmlzdWFsaXphclByb2Nlc3NvLmRvP3Byb2Nlc3NvUEs9OTgzMywzNDY1LDIwMjMiLCJjdXJyZW50TW9kdWxlIjp7ImNkTW9kdWxvIjoiU0dQRSIsImNkU2lzdGVtYSI6IjEiLCJubU1vZHVsbyI6IiJ9fQ%253D%253D&amp;source=gmail&amp;ust=1754585782019000&amp;usg=AOvVaw3gaH6e00PezeEr1klTc6Ay\">EPAGRI 9819\/2023<\/a><\/strong>.<\/p>\n<p>A primeira vers\u00e3o do C\u00f3digo \u00e9 de <strong>2018<\/strong>. Em <strong>2021<\/strong>, a Epagri fez um pequeno ajuste na &#8220;vis\u00e3o&#8221; da empresa. Em <strong>2024<\/strong>, ocorreu uma revis\u00e3o ampla de todo o documento, coordenada pela Controladoria-Geral do Estado (CGE), que orientou todos os \u00f3rg\u00e3os e entidades do Estado a elaborarem seus C\u00f3digos de Conduta &#8211; e a Epagri, que j\u00e1 estava adiantada, instituiu um grupo de trabalho multidisciplinar e interdepartamental, aproveitando esse movimento para aprimor\u00e1-lo e revis\u00e1-lo. Em <strong>2025<\/strong>, ocorreu uma atualiza\u00e7\u00e3o pontual para alinhar &#8220;miss\u00e3o&#8221;, &#8220;vis\u00e3o&#8221; e &#8220;valores&#8221; ao novo <a href=\"https:\/\/transparencia.epagri.sc.gov.br\/?page_id=956\">Plano Diretor \/ Estrat\u00e9gia de Longo Prazo da Epagri<\/a>. Todas as altera\u00e7\u00f5es do C\u00f3digo s\u00e3o coordenadas pelo <a href=\"https:\/\/www.epagri.sc.gov.br\/compliance\/\">Comit\u00ea de <em>Compliance<\/em><\/a> e passam pela aprova\u00e7\u00e3o do Conselho de Administra\u00e7\u00e3o.<\/p>\n<p>O C\u00f3digo de Conduta e Integridade faz parte do <strong>Programa de Integridade e <em>Compliance<\/em><\/strong> da Epagri, conforme a nossa <a href=\"https:\/\/transparencia.epagri.sc.gov.br\/?page_id=7415\">Pol\u00edtica de Integridade e Anticorrup\u00e7\u00e3o<\/a>. Para saber mais sobre este programa, <a href=\"https:\/\/www.epagri.sc.gov.br\/compliance\/\">acesse este <em>link<\/em><\/a>.<\/p>\n","protected":false},"excerpt":{"rendered":"<p>In\u00edcio \/ Gest\u00e3o \/ Governan\u00e7a \/ C\u00f3digo de Conduta e Integridade O C\u00f3digo de Conduta e Integridade \u00e9 o documento institucional, aprovado pelo Conselho de Administra\u00e7\u00e3o, que cont\u00e9m os princ\u00edpios, valores e miss\u00e3o da Epagri; normas de conduta que visam \u00e0 preven\u00e7\u00e3o de desvios \u00e9ticos e morais, como conflito de interesses, corrup\u00e7\u00e3o e fraude; inst\u00e2ncias &#8230; <a title=\"C\u00f3digo de Conduta e Integridade\" class=\"read-more\" href=\"https:\/\/transparencia.epagri.sc.gov.br\/?page_id=917\" aria-label=\"More on C\u00f3digo de Conduta e Integridade\">Ler mais<\/a><\/p>\n","protected":false},"author":1,"featured_media":0,"parent":0,"menu_order":1,"comment_status":"closed","ping_status":"closed","template":"","meta":{"_acf_changed":false,"footnotes":""},"class_list":["post-917","page","type-page","status-publish"],"acf":[],"_links":{"self":[{"href":"https:\/\/transparencia.epagri.sc.gov.br\/index.php?rest_route=\/wp\/v2\/pages\/917","targetHints":{"allow":["GET"]}}],"collection":[{"href":"https:\/\/transparencia.epagri.sc.gov.br\/index.php?rest_route=\/wp\/v2\/pages"}],"about":[{"href":"https:\/\/transparencia.epagri.sc.gov.br\/index.php?rest_route=\/wp\/v2\/types\/page"}],"author":[{"embeddable":true,"href":"https:\/\/transparencia.epagri.sc.gov.br\/index.php?rest_route=\/wp\/v2\/users\/1"}],"replies":[{"embeddable":true,"href":"https:\/\/transparencia.epagri.sc.gov.br\/index.php?rest_route=%2Fwp%2Fv2%2Fcomments&post=917"}],"version-history":[{"count":14,"href":"https:\/\/transparencia.epagri.sc.gov.br\/index.php?rest_route=\/wp\/v2\/pages\/917\/revisions"}],"predecessor-version":[{"id":7708,"href":"https:\/\/transparencia.epagri.sc.gov.br\/index.php?rest_route=\/wp\/v2\/pages\/917\/revisions\/7708"}],"wp:attachment":[{"href":"https:\/\/transparencia.epagri.sc.gov.br\/index.php?rest_route=%2Fwp%2Fv2%2Fmedia&parent=917"}],"curies":[{"name":"wp","href":"https:\/\/api.w.org\/{rel}","templated":true}]}}