{"id":7773,"date":"2026-04-06T15:45:31","date_gmt":"2026-04-06T18:45:31","guid":{"rendered":"https:\/\/transparencia.epagri.sc.gov.br\/?page_id=7773"},"modified":"2026-04-06T18:08:45","modified_gmt":"2026-04-06T21:08:45","slug":"convenios","status":"publish","type":"page","link":"https:\/\/transparencia.epagri.sc.gov.br\/?page_id=7773","title":{"rendered":"Conv\u00eanios"},"content":{"rendered":"<h6 style=\"text-align: right;\"><a role=\"link\" href=\"https:\/\/transparencia.epagri.sc.gov.br\/\">In\u00edcio<\/a> \/ Despesa \/ Transfer\u00eancias Realizadas \/ Conv\u00eanios<\/h6>\n<p>A Epagri apenas possui conv\u00eanios e contratos de repasse na condi\u00e7\u00e3o de\u00a0<strong>convenente<\/strong>, ou seja,\u00a0<strong>recebendo a transfer\u00eancia de recursos financeiros de outros \u00f3rg\u00e3os e entidades<\/strong>\u00a0destinados a executar programas, projetos, atividades, obras ou servi\u00e7os, conforme as regras do\u00a0<a role=\"link\" href=\"https:\/\/www.planalto.gov.br\/ccivil_03\/_ato2023-2026\/2023\/decreto\/d11531.htm\">Decreto federal n\u00ba 11.531, de 2023<\/a>, e portarias regulamentadoras desse decreto.<\/p>\n<p>A Epagri\u00a0<strong>n\u00e3o transfere<\/strong>\u00a0seus recursos financeiros a outros \u00f3rg\u00e3os e entidades por meio de conv\u00eanios ou contratos de repasse, na condi\u00e7\u00e3o de\u00a0<strong>concedente<\/strong>, n\u00e3o havendo conv\u00eanios vigentes nessa condi\u00e7\u00e3o, conforme o\u00a0<a role=\"link\" href=\"http:\/\/server03.pge.sc.gov.br\/LegislacaoEstadual\/2024\/000733-005-0-2024-007.htm\">Decreto estadual n\u00ba 733, de 2024<\/a>.<\/p>\n<p>Para informa\u00e7\u00f5es sobre conv\u00eanios e contratos de repasse relativos \u00e0s <strong>transfer\u00eancias de recursos da Uni\u00e3o e de seus \u00f3rg\u00e3os\/entidades para a Epagri<\/strong>, acesse a <strong>planilha dispon\u00edvel\u00a0<a role=\"link\" href=\"https:\/\/docs.google.com\/spreadsheets\/d\/1r5QeLkZeIHfuEJvvRgk-lDIwkUOXno574e279wU-cXE\/edit\">neste\u00a0<em>link<\/em><\/a><\/strong>, bem como o menu <a href=\"https:\/\/portaldatransparencia.gov.br\/convenios\/consulta?paginacaoSimples=true&amp;tamanhoPagina=&amp;offset=&amp;direcaoOrdenacao=asc&amp;colunasSelecionadas=linkDetalhamento%2CnumeroConvenio%2CnumeroOriginal%2Cuf%2CmunicipioConvenente%2Csituacao%2CtipoTransferencia%2Cobjetivo%2CorgaoSuperior%2Corgao%2Cconcedente%2Cconvenente%2CdataInicioVigencia%2CdataFimVigencia%2CvalorCelebrado&amp;convenente=6519822&amp;ordenarPor=orgao&amp;direcao=desc\"><strong>Receita &gt; Transfer\u00eancias Recebidas &gt; Conv\u00eanios e Contratos de Repasse<\/strong><\/a>.<\/p>\n","protected":false},"excerpt":{"rendered":"<p>In\u00edcio \/ Despesa \/ Transfer\u00eancias Realizadas \/ Conv\u00eanios A Epagri apenas possui conv\u00eanios e contratos de repasse na condi\u00e7\u00e3o de\u00a0convenente, ou seja,\u00a0recebendo a transfer\u00eancia de recursos financeiros de outros \u00f3rg\u00e3os e entidades\u00a0destinados a executar programas, projetos, atividades, obras ou servi\u00e7os, conforme as regras do\u00a0Decreto federal n\u00ba 11.531, de 2023, e portarias regulamentadoras desse decreto. A &#8230; <a title=\"Conv\u00eanios\" class=\"read-more\" href=\"https:\/\/transparencia.epagri.sc.gov.br\/?page_id=7773\" aria-label=\"More on Conv\u00eanios\">Ler mais<\/a><\/p>\n","protected":false},"author":1,"featured_media":0,"parent":16,"menu_order":0,"comment_status":"closed","ping_status":"closed","template":"","meta":{"_acf_changed":false,"footnotes":""},"class_list":["post-7773","page","type-page","status-publish"],"acf":[],"_links":{"self":[{"href":"https:\/\/transparencia.epagri.sc.gov.br\/index.php?rest_route=\/wp\/v2\/pages\/7773","targetHints":{"allow":["GET"]}}],"collection":[{"href":"https:\/\/transparencia.epagri.sc.gov.br\/index.php?rest_route=\/wp\/v2\/pages"}],"about":[{"href":"https:\/\/transparencia.epagri.sc.gov.br\/index.php?rest_route=\/wp\/v2\/types\/page"}],"author":[{"embeddable":true,"href":"https:\/\/transparencia.epagri.sc.gov.br\/index.php?rest_route=\/wp\/v2\/users\/1"}],"replies":[{"embeddable":true,"href":"https:\/\/transparencia.epagri.sc.gov.br\/index.php?rest_route=%2Fwp%2Fv2%2Fcomments&post=7773"}],"version-history":[{"count":3,"href":"https:\/\/transparencia.epagri.sc.gov.br\/index.php?rest_route=\/wp\/v2\/pages\/7773\/revisions"}],"predecessor-version":[{"id":7805,"href":"https:\/\/transparencia.epagri.sc.gov.br\/index.php?rest_route=\/wp\/v2\/pages\/7773\/revisions\/7805"}],"up":[{"embeddable":true,"href":"https:\/\/transparencia.epagri.sc.gov.br\/index.php?rest_route=\/wp\/v2\/pages\/16"}],"wp:attachment":[{"href":"https:\/\/transparencia.epagri.sc.gov.br\/index.php?rest_route=%2Fwp%2Fv2%2Fmedia&parent=7773"}],"curies":[{"name":"wp","href":"https:\/\/api.w.org\/{rel}","templated":true}]}}