{"id":7415,"date":"2026-03-30T16:28:05","date_gmt":"2026-03-30T19:28:05","guid":{"rendered":"https:\/\/transparencia.epagri.sc.gov.br\/?page_id=7415"},"modified":"2026-04-22T08:43:58","modified_gmt":"2026-04-22T11:43:58","slug":"politica-de-integridade-e-anticorrupcao","status":"publish","type":"page","link":"https:\/\/transparencia.epagri.sc.gov.br\/?page_id=7415","title":{"rendered":"Pol\u00edtica de Integridade e Anticorrup\u00e7\u00e3o"},"content":{"rendered":"<h6 style=\"text-align: right;\"><a href=\"https:\/\/transparencia.epagri.sc.gov.br\/\">In\u00edcio<\/a> \/ Gest\u00e3o \/ Pol\u00edticas \/ Pol\u00edtica de Integridade e Anticorrup\u00e7\u00e3o<\/h6>\n<p>A <strong>Pol\u00edtica de Integridade e Anticorrup\u00e7\u00e3o<\/strong> consolida as melhores pr\u00e1ticas de governan\u00e7a p\u00fablica, procedimentos, controles internos e estruturas internas j\u00e1 adotados na Epagri para <strong>prevenir, detectar e sanar <\/strong>situa\u00e7\u00f5es de corrup\u00e7\u00e3o, como desvios, fraudes, irregularidades e outros atos il\u00edcitos, bem como fomentar e manter uma <strong>cultura de integridade<\/strong> no ambiente organizacional, mantendo e evoluindo continuamente o seu <strong>Programa de Integridade e <em>Compliance<\/em><\/strong>.<\/p>\n<p>A Epagri editou a presente pol\u00edtica em <strong>2026<\/strong>, n\u00e3o havendo edi\u00e7\u00f5es anteriores\/posteriores ou s\u00e9rie hist\u00f3rica. Informa\u00e7\u00f5es atualizadas em: <strong>22.04.2026<\/strong>.<\/p>\n<p>Para saber mais sobre o <em>compliance<\/em> da Epagri, acesse <a href=\"https:\/\/www.epagri.sc.gov.br\/compliance\/\">este <em>link<\/em><\/a>.<\/p>\n","protected":false},"excerpt":{"rendered":"<p>In\u00edcio \/ Gest\u00e3o \/ Pol\u00edticas \/ Pol\u00edtica de Integridade e Anticorrup\u00e7\u00e3o A Pol\u00edtica de Integridade e Anticorrup\u00e7\u00e3o consolida as melhores pr\u00e1ticas de governan\u00e7a p\u00fablica, procedimentos, controles internos e estruturas internas j\u00e1 adotados na Epagri para prevenir, detectar e sanar situa\u00e7\u00f5es de corrup\u00e7\u00e3o, como desvios, fraudes, irregularidades e outros atos il\u00edcitos, bem como fomentar e manter &#8230; <a title=\"Pol\u00edtica de Integridade e Anticorrup\u00e7\u00e3o\" class=\"read-more\" href=\"https:\/\/transparencia.epagri.sc.gov.br\/?page_id=7415\" aria-label=\"More on Pol\u00edtica de Integridade e Anticorrup\u00e7\u00e3o\">Ler mais<\/a><\/p>\n","protected":false},"author":1,"featured_media":0,"parent":16,"menu_order":0,"comment_status":"closed","ping_status":"closed","template":"","meta":{"_acf_changed":false,"footnotes":""},"class_list":["post-7415","page","type-page","status-publish"],"acf":[],"_links":{"self":[{"href":"https:\/\/transparencia.epagri.sc.gov.br\/index.php?rest_route=\/wp\/v2\/pages\/7415","targetHints":{"allow":["GET"]}}],"collection":[{"href":"https:\/\/transparencia.epagri.sc.gov.br\/index.php?rest_route=\/wp\/v2\/pages"}],"about":[{"href":"https:\/\/transparencia.epagri.sc.gov.br\/index.php?rest_route=\/wp\/v2\/types\/page"}],"author":[{"embeddable":true,"href":"https:\/\/transparencia.epagri.sc.gov.br\/index.php?rest_route=\/wp\/v2\/users\/1"}],"replies":[{"embeddable":true,"href":"https:\/\/transparencia.epagri.sc.gov.br\/index.php?rest_route=%2Fwp%2Fv2%2Fcomments&post=7415"}],"version-history":[{"count":6,"href":"https:\/\/transparencia.epagri.sc.gov.br\/index.php?rest_route=\/wp\/v2\/pages\/7415\/revisions"}],"predecessor-version":[{"id":8031,"href":"https:\/\/transparencia.epagri.sc.gov.br\/index.php?rest_route=\/wp\/v2\/pages\/7415\/revisions\/8031"}],"up":[{"embeddable":true,"href":"https:\/\/transparencia.epagri.sc.gov.br\/index.php?rest_route=\/wp\/v2\/pages\/16"}],"wp:attachment":[{"href":"https:\/\/transparencia.epagri.sc.gov.br\/index.php?rest_route=%2Fwp%2Fv2%2Fmedia&parent=7415"}],"curies":[{"name":"wp","href":"https:\/\/api.w.org\/{rel}","templated":true}]}}