{"id":7179,"date":"2025-11-06T16:18:00","date_gmt":"2025-11-06T19:18:00","guid":{"rendered":"https:\/\/transparencia.epagri.sc.gov.br\/?page_id=7179"},"modified":"2026-04-30T11:49:34","modified_gmt":"2026-04-30T14:49:34","slug":"gestao-do-ensino-agrotecnico","status":"publish","type":"page","link":"https:\/\/transparencia.epagri.sc.gov.br\/?page_id=7179","title":{"rendered":"Gest\u00e3o do Ensino Agrot\u00e9cnico"},"content":{"rendered":"<h6 style=\"text-align: right;\"><a role=\"link\" href=\"https:\/\/transparencia.epagri.sc.gov.br\/\">In\u00edcio<\/a> \/ Gest\u00e3o \/ Gest\u00e3o do Ensino Agrot\u00e9cnico<\/h6>\n<p>A Epagri passou a atuar no <strong>ensino m\u00e9dio formal e na educa\u00e7\u00e3o profissional<\/strong> por meio da <a href=\"https:\/\/leis.alesc.sc.gov.br\/ato-normativo\/22709\">Lei estadual n\u00ba 19.178, de 2025<\/a>, que incluiu essa nova atribui\u00e7\u00e3o para a empresa estatal al\u00e9m daquelas j\u00e1 listadas no art. 81 da <a href=\"https:\/\/leis.alesc.sc.gov.br\/ato-normativo\/20438\/compilado\">Lei Complementar estadual n\u00ba 741, de 2019<\/a>\u00a0e <a href=\"https:\/\/transparencia.epagri.sc.gov.br\/?page_id=900\">Estatuto Social<\/a>.<\/p>\n<p>A Epagri conta com uma <a href=\"https:\/\/www.epagri.sc.gov.br\/a-epagri\/administracao\/\">Diretoria de Ensino Agrot\u00e9cnico<\/a> e <strong>unidades de ensino<\/strong>, conforme informa\u00e7\u00f5es dispon\u00edveis <a href=\"https:\/\/www.epagri.sc.gov.br\/unidades-de-ensino\/\"><em>neste link<\/em><\/a>. As atribui\u00e7\u00f5es dessas unidades est\u00e3o definidas no <a href=\"https:\/\/transparencia.epagri.sc.gov.br\/?page_id=823\">Regimento Interno da Epagri<\/a>.<\/p>\n<p>Atualmente, os <strong>Centros de Educa\u00e7\u00e3o Profissional (CEDUPs) Agrot\u00e9cnicos<\/strong> s\u00e3o unidades da Epagri em gest\u00e3o compartilhada com a <strong>Secretaria de Estado da Educa\u00e7\u00e3o (SED)<\/strong> durante o per\u00edodo de transi\u00e7\u00e3o &#8211; de at\u00e9 4 (quatro) anos &#8211; e, portanto, continuam vinculados \u00e0 Rede Estadual de Ensino.<\/p>\n<p>Nesta se\u00e7\u00e3o, disponibilizamos as <strong>informa\u00e7\u00f5es sobre as atividades de ensino da Epagri<\/strong>, conforme estabelece o art. 14-A, incisos I a VII, da <a href=\"https:\/\/www.planalto.gov.br\/ccivil_03\/LEIS\/L9394.htm\">Lei federal n\u00ba 9.394, de 1996:<\/a><\/p>\n<ul>\n<li><strong>N\u00famero de vagas dispon\u00edveis e preenchidas por institui\u00e7\u00e3o de ensino, lista de espera, quando houver, por ordem de coloca\u00e7\u00e3o (inciso I)<\/strong><strong>: <\/strong>as informa\u00e7\u00f5es oficiais acima est\u00e3o dispon\u00edveis no portal da SED &#8220;<strong>Educa\u00e7\u00e3o na Palma da M\u00e3o<\/strong>&#8220;, no <em>link<\/em> <a href=\"https:\/\/www.sed.sc.gov.br\/educacao-na-palma-da-mao\/\" target=\"_blank\" rel=\"noopener\" data-saferedirecturl=\"https:\/\/www.google.com\/url?q=https:\/\/www.sed.sc.gov.br\/educacao-na-palma-da-mao\/&amp;source=gmail&amp;ust=1762635447498000&amp;usg=AOvVaw3LFtAuzUop6dJmvWB4GuXg\">https:\/\/www.sed.sc.gov.br\/<wbr \/>educacao-na-palma-da-mao\/.\u00a0 <\/a>A Epagri est\u00e1 realizando o <strong>processo seletivo para 2026. <\/strong>Os dados do edital, bem como dos classificados e da lista de espera est\u00e3o ou estar\u00e3o dispon\u00edveis em: <a href=\"https:\/\/ensino.epagri.sc.gov.br\/inscricoes-cedup-agrotecnico\/\" target=\"_blank\" rel=\"noopener\" data-saferedirecturl=\"https:\/\/www.google.com\/url?q=https:\/\/ensino.epagri.sc.gov.br\/inscricoes-cedup-agrotecnico\/&amp;source=gmail&amp;ust=1762635447498000&amp;usg=AOvVaw1jeI880N4XVW1-z1Zxqn9x\">https:\/\/ensino.epagri.sc.gov.<wbr \/>br\/inscricoes-cedup-<wbr \/>agrotecnico\/<\/a><\/li>\n<\/ul>\n<ul>\n<li><strong>Bolsas e aux\u00edlios para estudo e pesquisa concedidos a estudantes, a professores e a pesquisadores (inciso II): <\/strong><em>informa\u00e7\u00f5es em prepara\u00e7\u00e3o para publica\u00e7\u00e3o.<\/em><\/li>\n<\/ul>\n<div>\n<ul>\n<li><strong>Atividades ou projetos de pesquisa, extens\u00e3o e inova\u00e7\u00e3o tecnol\u00f3gica finalizados e em andamento, no caso de institui\u00e7\u00f5es de <em>educa\u00e7\u00e3o superior<\/em> (inciso III): <\/strong>n\u00e3o se aplica \u00e0 Epagri.<\/li>\n<\/ul>\n<\/div>\n<ul>\n<li><strong>Estat\u00edsticas relativas a fluxo e a rendimento escolares (inciso IV): <\/strong>em rela\u00e7\u00e3o \u00e0s estat\u00edsticas relativas a fluxo e a rendimento escolares, as Taxas de Rendimento e Taxas de Transi\u00e7\u00e3o encontram-se publicizadas na p\u00e1gina do Inep em:\u00a0<a href=\"https:\/\/www.gov.br\/inep\/pt-br\/acesso-a-informacao\/dados-abertos\/indicadores-educacionais\" target=\"_blank\" rel=\"noopener\" data-saferedirecturl=\"https:\/\/www.google.com\/url?q=https:\/\/www.gov.br\/inep\/pt-br\/acesso-a-informacao\/dados-abertos\/indicadores-educacionais&amp;source=gmail&amp;ust=1777646585223000&amp;usg=AOvVaw02QJTYGHhNIhTrlekUl7De\">https:\/\/www.gov.br\/inep\/pt-br\/<wbr \/>acesso-a-informacao\/dados-<wbr \/>abertos\/indicadores-<wbr \/>educacionais<\/a> e na p\u00e1gina da SED, em Indicadores Educacionais (Indicadores Disponibilizados pelo Inep), contendo s\u00e9rie hist\u00f3rica e desagrega\u00e7\u00e3o dos dados dispon\u00edveis em planilhas excel: <a href=\"https:\/\/www.sed.sc.gov.br\/informacoes-educacionais\/indicadores-educacionais\/\" target=\"_blank\" rel=\"noopener\" data-saferedirecturl=\"https:\/\/www.google.com\/url?q=https:\/\/www.sed.sc.gov.br\/informacoes-educacionais\/indicadores-educacionais\/&amp;source=gmail&amp;ust=1777646585223000&amp;usg=AOvVaw3byfgELevSknhCnnqZ4mNs\">https:\/\/www.sed.sc.gov.br\/<wbr \/>informacoes-educacionais\/<wbr \/>indicadores-educacionais\/<\/a>.<\/li>\n<\/ul>\n<div><\/div>\n<div>\n<ul>\n<li><strong>Execu\u00e7\u00e3o f\u00edsica e financeira de programas, de projetos e de atividades direcionados \u00e0 educa\u00e7\u00e3o b\u00e1sica e superior financiados com recursos p\u00fablicos, ren\u00fancia fiscal ou subs\u00eddios tribut\u00e1rios, financeiros ou credit\u00edcios, discriminados de acordo com a denomina\u00e7\u00e3o a eles atribu\u00edda nos diplomas legais que os institu\u00edram (inciso V): <\/strong>a\u00a0execu\u00e7\u00e3o dos projetos conduzidos pela Epagri pode ser consultada no <em>site<\/em> Projeta\/SC: <a href=\"https:\/\/www.projeta.sc.gov.br\/login?callbackUrl=https%3A%2F%2Fprojeta.sc.gov.br%2Fhome\" target=\"_blank\" rel=\"noopener\" data-saferedirecturl=\"https:\/\/www.google.com\/url?q=https:\/\/www.projeta.sc.gov.br\/login?callbackUrl%3Dhttps%253A%252F%252Fprojeta.sc.gov.br%252Fhome&amp;source=gmail&amp;ust=1762635447498000&amp;usg=AOvVaw1PhyHspm7M2Bs62VM9lUes\">https:\/\/www.projeta.sc.gov.br\/<wbr \/>login?callbackUrl=https%3A%2F%<wbr \/>2Fprojeta.sc.gov.br%2Fhome.\u00a0<\/a>Quanto aos projetos da SED nos CEDUPs Agrot\u00e9cnicos, a divulga\u00e7\u00e3o segue o padr\u00e3o aplicado \u00e0s demais escolas da Rede Estadual, com informa\u00e7\u00f5es tamb\u00e9m dispon\u00edveis no <em>site<\/em> &#8220;<strong>Educa\u00e7\u00e3o Palma da M\u00e3o<\/strong>&#8220;: <a href=\"https:\/\/www.sed.sc.gov.br\/educacao-na-palma-da-mao\/\" target=\"_blank\" rel=\"noopener\" data-saferedirecturl=\"https:\/\/www.google.com\/url?q=https:\/\/www.sed.sc.gov.br\/educacao-na-palma-da-mao\/&amp;source=gmail&amp;ust=1762635447498000&amp;usg=AOvVaw3LFtAuzUop6dJmvWB4GuXg\">https:\/\/www.sed.sc.gov.br\/<wbr \/>educacao-na-palma-da-mao\/<\/a><\/li>\n<\/ul>\n<\/div>\n<div><\/div>\n<div>\n<ul>\n<li><strong>Curr\u00edculo profissional e acad\u00eamico dos ocupantes de cargo de dire\u00e7\u00e3o de institui\u00e7\u00e3o de ensino e dos membros dos conselhos de educa\u00e7\u00e3o, observadas as disposi\u00e7\u00f5es da Lei n\u00ba 13.709, de 14 de agosto de 2018 (Lei Geral de Prote\u00e7\u00e3o de Dados Pessoais) (inciso VI): <\/strong>durante a gest\u00e3o compartilhada com a SED, a Dire\u00e7\u00e3o Pedag\u00f3gica continua sob responsabilidade da SED, sendo exercida por um Diretor Escolar vinculado \u00e0 Secretaria. A SED informou que est\u00e1 consolidando essas informa\u00e7\u00f5es e as disponibilizar\u00e1 oportunamente.<\/li>\n<\/ul>\n<\/div>\n<ul>\n<li><strong>Pautas e atas das reuni\u00f5es do Conselho Estadual de Educa\u00e7\u00e3o (inciso VII): <\/strong>acesse o portal do Conselho &#8211; CEE\/SC na se\u00e7\u00e3o &#8220;<strong>Plen\u00e1rias<\/strong>&#8221; para obter essas informa\u00e7\u00f5es: <a href=\"https:\/\/www.cee.sc.gov.br\/index.php\/plenarias\">https:\/\/www.cee.sc.gov.br\/index.php\/plenarias<\/a>.<\/li>\n<\/ul>\n<div>Para mais informa\u00e7\u00f5es, entre diretamente em contato com nossas <strong>unidades de ensino<\/strong> <a href=\"https:\/\/www.epagri.sc.gov.br\/unidades-de-ensino\/\"><em>neste link<\/em><\/a> ou fa\u00e7a seu pedido de acesso \u00e0 informa\u00e7\u00e3o no nosso <strong>Servi\u00e7o de Informa\u00e7\u00f5es ao Cidad\u00e3o (e-SIC)<\/strong>, <a href=\"https:\/\/www.epagri.sc.gov.br\/e-sic\/\">neste <em>link<\/em><\/a>.<\/div>\n","protected":false},"excerpt":{"rendered":"<p>In\u00edcio \/ Gest\u00e3o \/ Gest\u00e3o do Ensino Agrot\u00e9cnico A Epagri passou a atuar no ensino m\u00e9dio formal e na educa\u00e7\u00e3o profissional por meio da Lei estadual n\u00ba 19.178, de 2025, que incluiu essa nova atribui\u00e7\u00e3o para a empresa estatal al\u00e9m daquelas j\u00e1 listadas no art. 81 da Lei Complementar estadual n\u00ba 741, de 2019\u00a0e Estatuto &#8230; <a title=\"Gest\u00e3o do Ensino Agrot\u00e9cnico\" class=\"read-more\" href=\"https:\/\/transparencia.epagri.sc.gov.br\/?page_id=7179\" aria-label=\"More on Gest\u00e3o do Ensino Agrot\u00e9cnico\">Ler mais<\/a><\/p>\n","protected":false},"author":1,"featured_media":0,"parent":0,"menu_order":0,"comment_status":"closed","ping_status":"closed","template":"","meta":{"_acf_changed":false,"footnotes":""},"class_list":["post-7179","page","type-page","status-publish"],"acf":[],"_links":{"self":[{"href":"https:\/\/transparencia.epagri.sc.gov.br\/index.php?rest_route=\/wp\/v2\/pages\/7179","targetHints":{"allow":["GET"]}}],"collection":[{"href":"https:\/\/transparencia.epagri.sc.gov.br\/index.php?rest_route=\/wp\/v2\/pages"}],"about":[{"href":"https:\/\/transparencia.epagri.sc.gov.br\/index.php?rest_route=\/wp\/v2\/types\/page"}],"author":[{"embeddable":true,"href":"https:\/\/transparencia.epagri.sc.gov.br\/index.php?rest_route=\/wp\/v2\/users\/1"}],"replies":[{"embeddable":true,"href":"https:\/\/transparencia.epagri.sc.gov.br\/index.php?rest_route=%2Fwp%2Fv2%2Fcomments&post=7179"}],"version-history":[{"count":13,"href":"https:\/\/transparencia.epagri.sc.gov.br\/index.php?rest_route=\/wp\/v2\/pages\/7179\/revisions"}],"predecessor-version":[{"id":8074,"href":"https:\/\/transparencia.epagri.sc.gov.br\/index.php?rest_route=\/wp\/v2\/pages\/7179\/revisions\/8074"}],"wp:attachment":[{"href":"https:\/\/transparencia.epagri.sc.gov.br\/index.php?rest_route=%2Fwp%2Fv2%2Fmedia&parent=7179"}],"curies":[{"name":"wp","href":"https:\/\/api.w.org\/{rel}","templated":true}]}}