{"id":1022,"date":"2021-02-10T17:30:02","date_gmt":"2021-02-10T20:30:02","guid":{"rendered":"https:\/\/transparencia.epagri.sc.gov.br\/?page_id=1022"},"modified":"2026-03-05T08:53:15","modified_gmt":"2026-03-05T11:53:15","slug":"prestadores-de-servico-2","status":"publish","type":"page","link":"https:\/\/transparencia.epagri.sc.gov.br\/?page_id=1022","title":{"rendered":"Prestadores de Servi\u00e7o"},"content":{"rendered":"<h6 style=\"text-align: right;\"><a href=\"https:\/\/transparencia.epagri.sc.gov.br\/\">In\u00edcio<\/a> \/ Despesa \/ Prestadores de Servi\u00e7o \/ Prestadores de Servi\u00e7o<\/h6>\n<p>Nesta se\u00e7\u00e3o, constam informa\u00e7\u00f5es sobre os prestadores de servi\u00e7o para a Epagri (<strong>terceirizados<\/strong>), conforme o <a href=\"http:\/\/server03.pge.sc.gov.br\/pge\/normasjur.asp\">Decreto estadual n\u00ba 452, de 2020<\/a>, e <a href=\"https:\/\/leis.alesc.sc.gov.br\/html\/2011\/15617_2011_Lei.html\">Lei estadual n\u00ba 15.617, de 2011<\/a>.\u00a0A Epagri terceiriza alguns servi\u00e7os auxiliares, instrumentais ou acess\u00f3rios \u00e0s suas atividades por meio de contrata\u00e7\u00e3o de empresas de presta\u00e7\u00e3o de servi\u00e7os a terceiros (empresas de terceiriza\u00e7\u00e3o).<\/p>\n<p><strong>A partir de 05\/2024<\/strong>, as informa\u00e7\u00f5es sobre os terceirizados ser\u00e3o compartilhadas mediante <strong>acesso direto \u00e0s planilhas dos <em>links<\/em> abaixo<\/strong>:<\/p>\n<ul>\n<li><strong>Contrato n\u00ba 289\/2021<\/strong> (SGP-e <a href=\"https:\/\/portal.sgpe.sea.sc.gov.br\/portal-externo\/processo\/3a806774-c7cd-47d7-9b06-f545f7444f57\">EPAGRI 3023\/2020<\/a>) <strong>(contrato encerrado)<\/strong> &#8211; ADSERVI &#8211; Administradora de Servi\u00e7os Ltda., CNPJ n\u00ba 02.531.343\/0001-08 &#8211; Postos de trabalho de camareiro, copeiro, cozinheiro, jardineiro, recepcionista, servente e zelador.\n<ul>\n<li><strong>Planilha com informa\u00e7\u00f5es sobre os terceirizados deste contrato &#8211; Acesse <a href=\"https:\/\/docs.google.com\/spreadsheets\/d\/1XytOwMCSP8NAaWVAWkR-h4s8RwCy6mWjTtTZAeHdeH0\/edit?usp=sharing\">este <em>link<\/em><\/a>.<\/strong><\/li>\n<\/ul>\n<\/li>\n<\/ul>\n<ul>\n<li><strong>Contrato n\u00ba 449\/2023<\/strong> (SGP-e <a href=\"https:\/\/portal.sgpe.sea.sc.gov.br\/portal-externo\/processo\/3bf66baf-9ec9-40d4-b19b-de1725fda823\">EPAGRI 10787\/2022<\/a>) &#8211; Vigil\u00e2ncia Tri\u00e2ngulo Ltda., CNPJ n\u00ba <span dir=\"ltr\">79.894.168\/0001<\/span><span dir=\"ltr\">&#8211;<\/span><span dir=\"ltr\">48 <\/span>&#8211; Postos de vigil\u00e2ncia org\u00e2nica armada e desarmada.\n<ul>\n<li><strong>Planilha com informa\u00e7\u00f5es sobre os terceirizados deste contrato &#8211; Acesse <a href=\"https:\/\/docs.google.com\/spreadsheets\/d\/12y1aDOXlsKIs9XT_lNH1hm6zt3AAKs2nZXnA_BUUwWI\/edit?usp=sharing\">este <em>link<\/em><\/a>.\u00a0<\/strong><\/li>\n<\/ul>\n<\/li>\n<\/ul>\n<ul>\n<li><strong>Contrato n\u00ba 679\/2024<\/strong> (SGP-e <a href=\"https:\/\/portal.sgpe.sea.sc.gov.br\/portal-externo\/processo\/48840e54-e6e6-4f58-b5e8-d5e688f6999b\">EPAGRI 5126\/2024<\/a>) &#8211; SC Administra\u00e7\u00e3o e Servi\u00e7os Ltda., CNPJ n\u00ba <span dir=\"ltr\">28.754.122\/0001<\/span><span dir=\"ltr\">&#8211;<\/span><span dir=\"ltr\">92 <\/span>&#8211; Postos de oper\u00e1rio de campo, tratorista, auxiliar de laborat\u00f3rio e motorista.\n<ul>\n<li><strong>Planilha com informa\u00e7\u00f5es sobre os terceirizados deste contrato &#8211; Acesse <a href=\"https:\/\/docs.google.com\/spreadsheets\/d\/1-7o60lJOiRvuX0tkVxNYVwxppszMwuvQcMRFv0XM49E\/edit?usp=sharing\">este <em>link<\/em><\/a>.<\/strong><strong>\u00a0<\/strong><\/li>\n<\/ul>\n<\/li>\n<\/ul>\n<ul>\n<li><strong>Contrato n\u00ba 1105\/2025<\/strong> (SGP-e <a href=\"https:\/\/portal.sgpe.sea.sc.gov.br\/portal-externo\/processo\/e6acc6ae-93fc-4dc7-97ff-bec7c6f328ab\">EPAGRI 12946\/2025<\/a>) &#8211; ADSERVI &#8211; Administradora de Servi\u00e7os Ltda., CNPJ n\u00ba 02.531.343\/0001-08 &#8211; Postos de trabalho de cozinheiro, jardineiro, copeiro, recepcionista, servente, auxiliar de servi\u00e7os gerais, eletricista e zelador.\n<ul>\n<li><strong>Planilha com informa\u00e7\u00f5es sobre os terceirizados deste contrato &#8211; Acesse <a href=\"https:\/\/docs.google.com\/spreadsheets\/d\/1bycDVHXWtq_UlXbY6-jBeol26R6WIT4zhDyLS6cBOiY\/edit?usp=sharing\">este <em>link<\/em><\/a>.<\/strong><\/li>\n<\/ul>\n<\/li>\n<\/ul>\n<p>Os contratos tamb\u00e9m podem ser consultados nos <em>links<\/em> dos processos acima, incluindo valor pago \u00e0s empresas prestadoras de servi\u00e7os a terceiros contratadas e o valor de cada posto de presta\u00e7\u00e3o de servi\u00e7o.<\/p>\n<p>Nos documentos abaixo constam as informa\u00e7\u00f5es sobre os terceirizados <strong>at\u00e9<\/strong> <strong>04\/2024<\/strong>. Para informa\u00e7\u00f5es <strong>posteriores<\/strong> a esta data, acessar os <em>links<\/em> acima.<\/p>\n","protected":false},"excerpt":{"rendered":"<p>In\u00edcio \/ Despesa \/ Prestadores de Servi\u00e7o \/ Prestadores de Servi\u00e7o Nesta se\u00e7\u00e3o, constam informa\u00e7\u00f5es sobre os prestadores de servi\u00e7o para a Epagri (terceirizados), conforme o Decreto estadual n\u00ba 452, de 2020, e Lei estadual n\u00ba 15.617, de 2011.\u00a0A Epagri terceiriza alguns servi\u00e7os auxiliares, instrumentais ou acess\u00f3rios \u00e0s suas atividades por meio de contrata\u00e7\u00e3o de &#8230; <a title=\"Prestadores de Servi\u00e7o\" class=\"read-more\" href=\"https:\/\/transparencia.epagri.sc.gov.br\/?page_id=1022\" aria-label=\"More on Prestadores de Servi\u00e7o\">Ler mais<\/a><\/p>\n","protected":false},"author":1,"featured_media":0,"parent":0,"menu_order":1,"comment_status":"closed","ping_status":"closed","template":"","meta":{"_acf_changed":false,"footnotes":""},"class_list":["post-1022","page","type-page","status-publish"],"acf":[],"_links":{"self":[{"href":"https:\/\/transparencia.epagri.sc.gov.br\/index.php?rest_route=\/wp\/v2\/pages\/1022","targetHints":{"allow":["GET"]}}],"collection":[{"href":"https:\/\/transparencia.epagri.sc.gov.br\/index.php?rest_route=\/wp\/v2\/pages"}],"about":[{"href":"https:\/\/transparencia.epagri.sc.gov.br\/index.php?rest_route=\/wp\/v2\/types\/page"}],"author":[{"embeddable":true,"href":"https:\/\/transparencia.epagri.sc.gov.br\/index.php?rest_route=\/wp\/v2\/users\/1"}],"replies":[{"embeddable":true,"href":"https:\/\/transparencia.epagri.sc.gov.br\/index.php?rest_route=%2Fwp%2Fv2%2Fcomments&post=1022"}],"version-history":[{"count":21,"href":"https:\/\/transparencia.epagri.sc.gov.br\/index.php?rest_route=\/wp\/v2\/pages\/1022\/revisions"}],"predecessor-version":[{"id":7314,"href":"https:\/\/transparencia.epagri.sc.gov.br\/index.php?rest_route=\/wp\/v2\/pages\/1022\/revisions\/7314"}],"wp:attachment":[{"href":"https:\/\/transparencia.epagri.sc.gov.br\/index.php?rest_route=%2Fwp%2Fv2%2Fmedia&parent=1022"}],"curies":[{"name":"wp","href":"https:\/\/api.w.org\/{rel}","templated":true}]}}